c + 75014 = 0. Is j prime?
True
Let d = -1375 - -2842. Suppose -4327 = -2*r + d. Is r a composite number?
False
Let c(t) = 97*t - 5. Let k be c(4). Suppose 5*q + 6*i - 465 = 2*i, i = -4*q + k. Is q prime?
True
Let p be 6/27 - 966/(-27). Let o = 1 + p. Is o a composite number?
False
Suppose 85798 = -10*s + 12*s. Is s composite?
False
Suppose -29257 = 472*m - 489*m. Is m composite?
False
Let p be (-1)/(-2) - (-28)/8. Suppose 2*g = 4*q + 962, -p*g - 3*q + 1964 = -15. Is g prime?
True
Let d be ((-2)/(-6))/((-6)/(-126)). Suppose 3*x - d = -1. Suppose x*t = 6*t - 508. Is t prime?
True
Let l(o) = 9*o**2 - 17*o + 14. Let i be l(6). Let v = i + -159. Is v a composite number?
True
Suppose 3*s + 5*c - 3811 = 2*s, -8 = -2*c. Is s a composite number?
True
Suppose -29*j + 37*j - 61528 = 0. Is j composite?
False
Suppose 3*s - 15 = -4*y, 8*s - 4*s + 2 = 2*y. Suppose 2*i - 4961 = -y*f - 0*i, 2*f - 3324 = 2*i. Is f prime?
True
Let j = 3 + -1. Let v = 78 - -550. Suppose -5*c + 7*r + 759 = 3*r, 0 = 4*c + j*r - v. Is c a prime number?
False
Let v(x) = -x**3 - 19*x**2 - 36*x + 10. Let d be v(-16). Let m = d - -385. Is m composite?
True
Let o be (-3 + -1 + 4)/2. Let z be (4 + o/4)*1. Suppose 6 = 3*r, 2*r = z*q - 264 + 40. Is q a prime number?
False
Let q = 4781 + -122. Is q composite?
True
Suppose -35 = -10*s + 5*s. Suppose -2*y = -s*y. Is 34/2 - (-2 - y) a composite number?
False
Let g(r) = r**2 + 2*r + 13. Suppose 0 = -5*u - 13 - 47. Is g(u) prime?
False
Let l = 45 - 213. Let i = l - -287. Is i a composite number?
True
Suppose 0 = -3*f + 5*p + 10 + 22, -f - p = 0. Suppose 0 = -3*s + f*h + 20, 5*s = 3*h - 8*h - 25. Suppose 2*q - 6*q + 596 = s. Is q a prime number?
True
Let f = -1 + 4. Suppose -1 = -2*o + f. Is ((-111)/6)/(o/(-4)) a prime number?
True
Let b = 6279 - 4085. Is b prime?
False
Suppose -2*g = -k + 6, 5*k - 5*g + 1 = 6. Is (67/(-3))/(k/12) a prime number?
True
Let w(s) = 40*s + 131. Is w(14) a composite number?
False
Let v(s) = 2*s**2 - 6*s + 5. Let y be v(3). Suppose 4254 = -y*h + 11*h. Is h composite?
False
Let f(t) = t**3 + 15*t**2 - 15*t + 16. Let s be f(-16). Suppose s = 2*u + n - 445, -2*u + 5*u - 664 = -5*n. Is u a composite number?
False
Let n be (1/3)/(5/195). Let j(x) = 9*x**2 - 5*x + 18. Let d be j(n). Let w = d - 609. Is w composite?
True
Suppose 3*d = o + 9 + 10, -5*d + 33 = -o. Suppose -8*y = -d*y - 1507. Is y a composite number?
True
Suppose 13 = -5*k + 68. Let z = 13 - k. Suppose 0 = z*b + 5*h - 143, -h - 2*h = -b + 66. Is b a prime number?
False
Let d(m) = 4234*m**2 + 3*m + 1. Is d(2) composite?
False
Suppose -4*l + 1011 = 4*z - z, 0 = 3*l - 5*z - 780. Suppose l = 5*n + s, 3*n + 48 = -3*s + 201. Is n composite?
True
Is 937093/(-106)*(-2 - 0) prime?
True
Suppose -3*r = -5*g - r - 8, -g - 3*r - 5 = 0. Let h be 13/(-2) + 3/6. Is 132/9 + g/h composite?
True
Is 16571 + (-98 - 2)/(-10) composite?
True
Let c = 11035 + -7522. Is c a prime number?
False
Let l(x) = x**3 - 35*x**2 + 65*x + 115. Is l(33) composite?
True
Let x be (-1 - 8)*(-15)/45. Let w be x*-2*3/6. Is (-2676)/(w - 1) - -4 a composite number?
False
Let r(z) = -2417*z + 499. Is r(-8) a composite number?
True
Suppose 5*w - 235 + 1345 = 0. Suppose 4*l - 161 = -p + 316, 2*p + 4*l - 958 = 0. Let n = w + p. Is n a composite number?
True
Let m = -22 - -26. Suppose 4*a + m*a - 40 = 0. Suppose -o + a*o = 868. Is o a composite number?
True
Let d(z) = 9*z**2 - 4*z - 3. Let p be d(8). Suppose -18*o + 17*o = -p. Is o a prime number?
True
Let x = 40 + -44. Is (12 - -4)/x*509/(-4) a prime number?
True
Let l = -9 + 14. Suppose -l*i + 424 = -231. Is i composite?
False
Suppose 645249 = 26*c + 7*c. Is c prime?
True
Let j be -3 + (11 - 2) + -3. Suppose 3*z = 5*w + 472, 730 = 3*z + 2*z + j*w. Let i = z - 10. Is i composite?
False
Let k be (-307)/(3/3*-1). Suppose -2*s - 806 = 2*s + 2*z, -s + 2*z = 199. Let g = s + k. Is g a prime number?
False
Is 1/(3 - (-88780)/(-29595)) prime?
False
Let f = 104 - 30. Suppose -9*i + 2315 = f. Is i a composite number?
True
Let t(v) = 2168*v**3 - 65*v**2 + 34*v**2 + 30*v**2 - 2 + 2*v. Is t(1) a composite number?
True
Let j = 41169 + -25026. Is j composite?
True
Let q = 19 + -17. Suppose -7*f + 15 = -q*f. Is -1 - (437 + f)/(-5) composite?
True
Let s be ((-2)/2)/(13/2054). Let r = 597 + s. Is r composite?
False
Suppose g - 859*h + 862*h - 19240 = 0, -2*h - 57731 = -3*g. Is g a composite number?
True
Let o(g) = g**3 + 13*g**2 + 13*g + 16. Let x be o(-12). Suppose 1157 = c + 2*c + x*f, -4*c + 1501 = -3*f. Is c composite?
False
Let x(o) = o**2 - 12*o + 9. Let q be x(7). Let c = q - -28. Suppose 493 = -c*k + 1255. Is k prime?
False
Suppose 4 = f - r, -4*f + 0*r - 3*r = -9. Let g(z) = 17*z - f - 3*z**2 + 3*z**2 + 21*z**2. Is g(8) prime?
False
Let r = -6551 + 12894. Is r a composite number?
False
Let x(b) = 7*b**3 - 14*b**2 + 31*b - 25. Is x(11) prime?
False
Suppose -3*v + 6 = -2*v. Suppose 0 = 9*m + 5 + 22. Is m/v + 167/2 a prime number?
True
Suppose 10 = y + 7. Suppose -y = a + 1. Is -31*(a - (2 + -5)) a composite number?
False
Let p(x) = -x - 4. Let f be p(-6). Let n be 0 + 4 + -5 + 1. Suppose r + r - f*q - 398 = n, -4*r = -q - 802. Is r a prime number?
False
Let g = 4604 + -2347. Is g composite?
True
Suppose 3*c = -12 + 6, -163951 = -3*w + 5*c. Is w composite?
False
Suppose 5*d - 176 = -16. Suppose g = -10 - d. Let k = 97 + g. Is k prime?
False
Let h(j) = -j**3 - 13*j**2 + j + 19. Let d be h(-13). Let z(i) = i**3 + 13*i**2 + 12*i - 7. Let w be z(-11). Suppose c - d = w. Is c composite?
False
Let h = 77 - 75. Suppose -1653 = -h*z + 5*o, 5*o - 15 = 2*o. Is z prime?
True
Let s be 16564/(-11) + 0 - (-14)/(-77). Let p = 2267 + s. Is p a composite number?
False
Suppose 4*c - 131157 = -3*d, 0 = 5*d - 2*c - 195636 - 22985. Is d a prime number?
False
Let x = 7 + 11. Suppose -17*k + x*k = 77. Is k a composite number?
True
Let r(d) = d**3 - 3*d**2 - d + 7. Let x be r(3). Suppose -x*q = q - 3055. Is q composite?
True
Let w(f) = -57 + 28 - 556*f + 32 - 849*f. Is w(-2) a prime number?
False
Let y(s) be the second derivative of s**5/60 - s**4/12 - s**3 - 7*s**2/2 - s. Let t(b) be the first derivative of y(b). Is t(-7) a composite number?
True
Suppose -8*w = 5*w - 100763. Is w a composite number?
True
Is 55026 + 21 - 2*(-2 - -1) prime?
True
Let a = 1719 + -1029. Let g be ((-2)/(-4))/(5/a). Let k = 156 - g. Is k prime?
False
Suppose -5 = -2*h + 3. Let r = h - -38. Let p = 64 - r. Is p a prime number?
False
Let h(c) = -41*c + 115. Is h(-18) composite?
False
Let n(b) = 0*b**3 - 2*b + 7*b**3 - 6*b**3 + 4*b**2 - 6*b**2. Let y be n(3). Suppose -o = -2*v + 105, y*v - 185 = -o - 3*o. Is v a composite number?
True
Let a = 50 - 53. Is (1*(-6)/8)/(a/492) a composite number?
True
Let u = 78 + -71. Suppose -1162 = u*d - 19593. Is d a prime number?
True
Suppose 2*o - 17911 = -5069. Is o a composite number?
False
Let n be 66/55*30/4. Suppose -4*f - 1 = -4*j - n, -3*j - 6 = 5*f. Suppose f*q = -q + 87. Is q prime?
False
Is (-4)/(-38) - 30113/(-19) composite?
True
Let n = 3101 - 2002. Suppose -n + 220 = -3*p. Is p prime?
True
Suppose 12*h = -19*h + 31279. Is h a composite number?
False
Suppose 230*b - 237*b + 31913 = 0. Is b prime?
False
Let k(d) = 2*d**2 + d. Let s(b) = 0*b - 2*b**2 + 1 - 2*b + b. Let i(v) = 6*k(v) + 5*s(v). Is i(8) composite?
True
Let j(k) be the second derivative of k**3/6 + 211*k**2/2 - 2*k. Suppose -l = 5*l - 3*l. Is j(l) prime?
True
Let b(r) = r + 0*r - 17 + 15 - 7*r. Is b(-6) a prime number?
False
Suppose 2 = b - 35. Suppose 0 = -2*p + p + 4. Suppose -p*x + 464 - b = 3*s, x - 433 = -3*s. Is s composite?
True
Let t(i) = 5*i**2 + 3*i + 9. Let a be (-6)/(-4)*14/3. Suppose -4*o = 2*n - o - a, 9 = -3*o. Is t(n) a prime number?
True
Let v = 9655 + -4578. Is v prime?
True
Let f(w) = 637*w**2 + 21*w - 63. Is f(4) prime?
False
Let o(v) be the second derivative of v**3/6 - v**2/2 + 4*v. Let b(d) = 3*d - 35. Let s(h) = -b(h) + 4*o(h). Is s(0) a composite number?
False
Suppose 81*p - 75*p - 38526 = 0. Is p prime?
True
Let u(o) = -o**2 - 7*o - 7. Let k be u(-7). Let p = -4 - k. Suppose r - 40 = -p*r. Is r prime?
False
Let m(p) = -23*p**3 + 4*p**2 + 6*p - 15. Is m(-8) prime?
True
Let y(i) = 3802*i + 163. Is y(7) prime?
True
Let z = 3885 + 2302. Is z a composite number?
True
Is (-10)/(-20)*-2753